{"id":1624,"date":"2012-05-08T11:39:19","date_gmt":"2012-05-08T09:39:19","guid":{"rendered":"http:\/\/couven-museum.de\/?page_id=1624"},"modified":"2019-09-05T15:44:52","modified_gmt":"2019-09-05T13:44:52","slug":"pour-les-groupes-scolaires","status":"publish","type":"page","link":"https:\/\/couven-museum.de\/fr\/_old\/mediation-artistique\/pour-les-groupes-scolaires\/","title":{"rendered":"Pour les groupes scolaires"},"content":{"rendered":"<p>Notre programme de visites pour classes scolaires s\u2019adapte aux diff\u00e9rents types d\u2019\u00e9cole et \u00e0 l\u2019\u00e2ge des \u00e9l\u00e8ves. La dur\u00e9e d\u2019une visite guid\u00e9e est g\u00e9n\u00e9ralement d\u2019une heure. En particulier pour les \u00e9l\u00e8ves de classes primaires et maternelles ainsi que pour les groupes de travail, le mus\u00e9e propose \u00e0 la suite de la visite une heure de travaux pratiques dans ses ateliers. Nous avons de nombreux th\u00e8mes et possibilit\u00e9s de r\u00e9alisation \u00e0 notre disposition. En outre, nous d\u00e9veloppons volontiers de nouveaux cadres th\u00e9matiques selon vos souhaits.<\/p>\n<p>Sur demande, les visites scolaires sont \u00e9galement possibles en matin\u00e9e.<\/p>\n<p>L\u2019entr\u00e9e est gratuite pour les \u00e9coles aixoises.<\/p>\n<p>Les visites co\u00fbtent 20\u20ac en surplus du co\u00fbt du billet d\u2019entr\u00e9e par personne.<\/p>\n<p><strong>Journ\u00e9es de projet<\/strong><\/p>\n<p>Sur demande, les journ\u00e9es de projet consacr\u00e9es \u00e0 des th\u00e8mes divers peuvent \u00eatre planifi\u00e9es et se d\u00e9rouler en coop\u00e9ration avec l\u2019\u00e9quipe p\u00e9dagogique du mus\u00e9e.<\/p>\n<p><strong>Information et formation des enseignants<\/strong><\/p>\n<p>Introductions pour les enseignants d\u2019\u00e9cole primaire ou secondaire incluant des m\u00e9thodes didactiques pour la pr\u00e9paration et l\u2019approfondissement de la visite du mus\u00e9e<\/p>\n<p><strong>Contact :<br \/>\n<\/strong>Zentrale Kunst- und Kulturvermittlung<br \/>\nfon: +49 (0)241 \/ 432-4998<br \/>\nfax: +49 (0)241 \/ 432-4989<br \/>\n<a href=\"mailto:museumspaedagogik@mail.aachen.de\" target=\"_blank\" rel=\"noopener noreferrer\">museumspaedagogik@mail.aachen.de<\/a><\/p>\n","protected":false},"excerpt":{"rendered":"<p>\u00c0 la recherche de l\u2019Histoire<\/p>\n","protected":false},"author":1,"featured_media":256,"parent":1614,"menu_order":46,"comment_status":"closed","ping_status":"closed","template":"","meta":{"_acf_changed":false,"inline_featured_image":false,"_lmt_disableupdate":"","_lmt_disable":"","footnotes":""},"categories":[],"tags":[],"class_list":["post-1624","page","type-page","status-publish","has-post-thumbnail","hentry"],"acf":[],"yoast_head":"<!-- This site is optimized with the Yoast SEO plugin v27.2 - https:\/\/yoast.com\/product\/yoast-seo-wordpress\/ -->\n<title>Pour les groupes scolaires - Couven Museum<\/title>\n<meta name=\"robots\" content=\"index, follow, max-snippet:-1, max-image-preview:large, max-video-preview:-1\" \/>\n<link rel=\"canonical\" href=\"https:\/\/couven-museum.de\/fr\/_old\/mediation-artistique\/pour-les-groupes-scolaires\/\" \/>\n<meta property=\"og:locale\" content=\"fr_FR\" \/>\n<meta property=\"og:type\" content=\"article\" \/>\n<meta property=\"og:title\" content=\"Pour les groupes scolaires - Couven Museum\" \/>\n<meta property=\"og:description\" content=\"\u00c0 la recherche de l\u2019Histoire\" \/>\n<meta property=\"og:url\" content=\"https:\/\/couven-museum.de\/fr\/_old\/mediation-artistique\/pour-les-groupes-scolaires\/\" \/>\n<meta property=\"og:site_name\" content=\"Couven Museum\" \/>\n<meta property=\"article:modified_time\" content=\"2019-09-05T13:44:52+00:00\" \/>\n<meta property=\"og:image\" content=\"https:\/\/couven-museum.de\/wp-content\/uploads\/2012\/05\/Couven-Museum_21162504originallarge-4-3-800-160-0-2840-20082.jpg\" \/>\n\t<meta property=\"og:image:width\" content=\"340\" \/>\n\t<meta property=\"og:image:height\" content=\"255\" \/>\n\t<meta property=\"og:image:type\" content=\"image\/jpeg\" \/>\n<meta name=\"twitter:card\" content=\"summary_large_image\" \/>\n<meta name=\"twitter:label1\" content=\"Dur\u00e9e de lecture estim\u00e9e\" \/>\n\t<meta name=\"twitter:data1\" content=\"1 minute\" \/>\n<script type=\"application\/ld+json\" class=\"yoast-schema-graph\">{\"@context\":\"https:\/\/schema.org\",\"@graph\":[{\"@type\":\"WebPage\",\"@id\":\"https:\/\/couven-museum.de\/fr\/_old\/mediation-artistique\/pour-les-groupes-scolaires\/\",\"url\":\"https:\/\/couven-museum.de\/fr\/_old\/mediation-artistique\/pour-les-groupes-scolaires\/\",\"name\":\"Pour les groupes scolaires - Couven Museum\",\"isPartOf\":{\"@id\":\"https:\/\/couven-museum.de\/#website\"},\"primaryImageOfPage\":{\"@id\":\"https:\/\/couven-museum.de\/fr\/_old\/mediation-artistique\/pour-les-groupes-scolaires\/#primaryimage\"},\"image\":{\"@id\":\"https:\/\/couven-museum.de\/fr\/_old\/mediation-artistique\/pour-les-groupes-scolaires\/#primaryimage\"},\"thumbnailUrl\":\"https:\/\/couven-museum.de\/wp-content\/uploads\/2012\/05\/Couven-Museum_21162504originallarge-4-3-800-160-0-2840-20082.jpg\",\"datePublished\":\"2012-05-08T09:39:19+00:00\",\"dateModified\":\"2019-09-05T13:44:52+00:00\",\"breadcrumb\":{\"@id\":\"https:\/\/couven-museum.de\/fr\/_old\/mediation-artistique\/pour-les-groupes-scolaires\/#breadcrumb\"},\"inLanguage\":\"fr-FR\",\"potentialAction\":[{\"@type\":\"ReadAction\",\"target\":[\"https:\/\/couven-museum.de\/fr\/_old\/mediation-artistique\/pour-les-groupes-scolaires\/\"]}]},{\"@type\":\"ImageObject\",\"inLanguage\":\"fr-FR\",\"@id\":\"https:\/\/couven-museum.de\/fr\/_old\/mediation-artistique\/pour-les-groupes-scolaires\/#primaryimage\",\"url\":\"https:\/\/couven-museum.de\/wp-content\/uploads\/2012\/05\/Couven-Museum_21162504originallarge-4-3-800-160-0-2840-20082.jpg\",\"contentUrl\":\"https:\/\/couven-museum.de\/wp-content\/uploads\/2012\/05\/Couven-Museum_21162504originallarge-4-3-800-160-0-2840-20082.jpg\",\"width\":340,\"height\":255},{\"@type\":\"BreadcrumbList\",\"@id\":\"https:\/\/couven-museum.de\/fr\/_old\/mediation-artistique\/pour-les-groupes-scolaires\/#breadcrumb\",\"itemListElement\":[{\"@type\":\"ListItem\",\"position\":1,\"name\":\"Startseite\",\"item\":\"https:\/\/couven-museum.de\/fr\/\"},{\"@type\":\"ListItem\",\"position\":2,\"name\":\"_old\",\"item\":\"https:\/\/couven-museum.de\/_old\/\"},{\"@type\":\"ListItem\",\"position\":3,\"name\":\"Service \u00e9ducative\",\"item\":\"https:\/\/couven-museum.de\/fr\/_old\/mediation-artistique\/\"},{\"@type\":\"ListItem\",\"position\":4,\"name\":\"Pour les groupes scolaires\"}]},{\"@type\":\"WebSite\",\"@id\":\"https:\/\/couven-museum.de\/#website\",\"url\":\"https:\/\/couven-museum.de\/\",\"name\":\"Couven Museum\",\"description\":\"Couven-Museum Aachen\",\"potentialAction\":[{\"@type\":\"SearchAction\",\"target\":{\"@type\":\"EntryPoint\",\"urlTemplate\":\"https:\/\/couven-museum.de\/?s={search_term_string}\"},\"query-input\":{\"@type\":\"PropertyValueSpecification\",\"valueRequired\":true,\"valueName\":\"search_term_string\"}}],\"inLanguage\":\"fr-FR\"}]}<\/script>\n<!-- \/ Yoast SEO plugin. -->","yoast_head_json":{"title":"Pour les groupes scolaires - Couven Museum","robots":{"index":"index","follow":"follow","max-snippet":"max-snippet:-1","max-image-preview":"max-image-preview:large","max-video-preview":"max-video-preview:-1"},"canonical":"https:\/\/couven-museum.de\/fr\/_old\/mediation-artistique\/pour-les-groupes-scolaires\/","og_locale":"fr_FR","og_type":"article","og_title":"Pour les groupes scolaires - Couven Museum","og_description":"\u00c0 la recherche de l\u2019Histoire","og_url":"https:\/\/couven-museum.de\/fr\/_old\/mediation-artistique\/pour-les-groupes-scolaires\/","og_site_name":"Couven Museum","article_modified_time":"2019-09-05T13:44:52+00:00","og_image":[{"width":340,"height":255,"url":"https:\/\/couven-museum.de\/wp-content\/uploads\/2012\/05\/Couven-Museum_21162504originallarge-4-3-800-160-0-2840-20082.jpg","type":"image\/jpeg"}],"twitter_card":"summary_large_image","twitter_misc":{"Dur\u00e9e de lecture estim\u00e9e":"1 minute"},"schema":{"@context":"https:\/\/schema.org","@graph":[{"@type":"WebPage","@id":"https:\/\/couven-museum.de\/fr\/_old\/mediation-artistique\/pour-les-groupes-scolaires\/","url":"https:\/\/couven-museum.de\/fr\/_old\/mediation-artistique\/pour-les-groupes-scolaires\/","name":"Pour les groupes scolaires - Couven Museum","isPartOf":{"@id":"https:\/\/couven-museum.de\/#website"},"primaryImageOfPage":{"@id":"https:\/\/couven-museum.de\/fr\/_old\/mediation-artistique\/pour-les-groupes-scolaires\/#primaryimage"},"image":{"@id":"https:\/\/couven-museum.de\/fr\/_old\/mediation-artistique\/pour-les-groupes-scolaires\/#primaryimage"},"thumbnailUrl":"https:\/\/couven-museum.de\/wp-content\/uploads\/2012\/05\/Couven-Museum_21162504originallarge-4-3-800-160-0-2840-20082.jpg","datePublished":"2012-05-08T09:39:19+00:00","dateModified":"2019-09-05T13:44:52+00:00","breadcrumb":{"@id":"https:\/\/couven-museum.de\/fr\/_old\/mediation-artistique\/pour-les-groupes-scolaires\/#breadcrumb"},"inLanguage":"fr-FR","potentialAction":[{"@type":"ReadAction","target":["https:\/\/couven-museum.de\/fr\/_old\/mediation-artistique\/pour-les-groupes-scolaires\/"]}]},{"@type":"ImageObject","inLanguage":"fr-FR","@id":"https:\/\/couven-museum.de\/fr\/_old\/mediation-artistique\/pour-les-groupes-scolaires\/#primaryimage","url":"https:\/\/couven-museum.de\/wp-content\/uploads\/2012\/05\/Couven-Museum_21162504originallarge-4-3-800-160-0-2840-20082.jpg","contentUrl":"https:\/\/couven-museum.de\/wp-content\/uploads\/2012\/05\/Couven-Museum_21162504originallarge-4-3-800-160-0-2840-20082.jpg","width":340,"height":255},{"@type":"BreadcrumbList","@id":"https:\/\/couven-museum.de\/fr\/_old\/mediation-artistique\/pour-les-groupes-scolaires\/#breadcrumb","itemListElement":[{"@type":"ListItem","position":1,"name":"Startseite","item":"https:\/\/couven-museum.de\/fr\/"},{"@type":"ListItem","position":2,"name":"_old","item":"https:\/\/couven-museum.de\/_old\/"},{"@type":"ListItem","position":3,"name":"Service \u00e9ducative","item":"https:\/\/couven-museum.de\/fr\/_old\/mediation-artistique\/"},{"@type":"ListItem","position":4,"name":"Pour les groupes scolaires"}]},{"@type":"WebSite","@id":"https:\/\/couven-museum.de\/#website","url":"https:\/\/couven-museum.de\/","name":"Couven Museum","description":"Couven-Museum Aachen","potentialAction":[{"@type":"SearchAction","target":{"@type":"EntryPoint","urlTemplate":"https:\/\/couven-museum.de\/?s={search_term_string}"},"query-input":{"@type":"PropertyValueSpecification","valueRequired":true,"valueName":"search_term_string"}}],"inLanguage":"fr-FR"}]}},"_links":{"self":[{"href":"https:\/\/couven-museum.de\/fr\/wp-json\/wp\/v2\/pages\/1624","targetHints":{"allow":["GET"]}}],"collection":[{"href":"https:\/\/couven-museum.de\/fr\/wp-json\/wp\/v2\/pages"}],"about":[{"href":"https:\/\/couven-museum.de\/fr\/wp-json\/wp\/v2\/types\/page"}],"author":[{"embeddable":true,"href":"https:\/\/couven-museum.de\/fr\/wp-json\/wp\/v2\/users\/1"}],"replies":[{"embeddable":true,"href":"https:\/\/couven-museum.de\/fr\/wp-json\/wp\/v2\/comments?post=1624"}],"version-history":[{"count":0,"href":"https:\/\/couven-museum.de\/fr\/wp-json\/wp\/v2\/pages\/1624\/revisions"}],"up":[{"embeddable":true,"href":"https:\/\/couven-museum.de\/fr\/wp-json\/wp\/v2\/pages\/1614"}],"wp:featuredmedia":[{"embeddable":true,"href":"https:\/\/couven-museum.de\/fr\/wp-json\/wp\/v2\/media\/256"}],"wp:attachment":[{"href":"https:\/\/couven-museum.de\/fr\/wp-json\/wp\/v2\/media?parent=1624"}],"wp:term":[{"taxonomy":"category","embeddable":true,"href":"https:\/\/couven-museum.de\/fr\/wp-json\/wp\/v2\/categories?post=1624"},{"taxonomy":"post_tag","embeddable":true,"href":"https:\/\/couven-museum.de\/fr\/wp-json\/wp\/v2\/tags?post=1624"}],"curies":[{"name":"wp","href":"https:\/\/api.w.org\/{rel}","templated":true}]}}

<p>Notre programme de visites pour classes scolaires s’adapte aux différents types d’école et à l’âge des élèves. La durée d’une visite guidée est généralement d’une heure. En particulier pour les élèves de classes primaires et maternelles ainsi que pour les groupes de travail, le musée propose à la suite de la visite une heure de travaux pratiques dans ses ateliers. Nous avons de nombreux thèmes et possibilités de réalisation à notre disposition. En outre, nous développons volontiers de nouveaux cadres thématiques selon vos souhaits.</p>
<p>Sur demande, les visites scolaires sont également possibles en matinée.</p>
<p>L’entrée est gratuite pour les écoles aixoises.</p>
<p>Les visites coûtent 20€ en surplus du coût du billet d’entrée par personne.</p>
<p><strong>Journées de projet</strong></p>
<p>Sur demande, les journées de projet consacrées à des thèmes divers peuvent être planifiées et se dérouler en coopération avec l’équipe pédagogique du musée.</p>
<p><strong>Information et formation des enseignants</strong></p>
<p>Introductions pour les enseignants d’école primaire ou secondaire incluant des méthodes didactiques pour la préparation et l’approfondissement de la visite du musée</p>
<p><strong>Contact :<br />
</strong>Zentrale Kunst- und Kulturvermittlung<br />
fon: +49 (0)241 / 432-4998<br />
fax: +49 (0)241 / 432-4989<br />
<a href="mailto:museumspaedagogik@mail.aachen.de" target="_blank" rel="noopener noreferrer">museumspaedagogik@mail.aachen.de</a></p>

<p>À la recherche de l’Histoire</p>

<!-- This site is optimized with the Yoast SEO plugin v27.2 - https://yoast.com/product/yoast-seo-wordpress/ -->
<title>Pour les groupes scolaires - Couven Museum</title>
<meta name="robots" content="index, follow, max-snippet:-1, max-image-preview:large, max-video-preview:-1" />
<link rel="canonical" href="https://couven-museum.de/fr/_old/mediation-artistique/pour-les-groupes-scolaires/" />
<meta property="og:locale" content="fr_FR" />
<meta property="og:type" content="article" />
<meta property="og:title" content="Pour les groupes scolaires - Couven Museum" />
<meta property="og:description" content="À la recherche de l’Histoire" />
<meta property="og:url" content="https://couven-museum.de/fr/_old/mediation-artistique/pour-les-groupes-scolaires/" />
<meta property="og:site_name" content="Couven Museum" />
<meta property="article:modified_time" content="2019-09-05T13:44:52+00:00" />
<meta property="og:image" content="https://couven-museum.de/wp-content/uploads/2012/05/Couven-Museum_21162504originallarge-4-3-800-160-0-2840-20082.jpg" />
	<meta property="og:image:width" content="340" />
	<meta property="og:image:height" content="255" />
	<meta property="og:image:type" content="image/jpeg" />
<meta name="twitter:card" content="summary_large_image" />
<meta name="twitter:label1" content="Durée de lecture estimée" />
	<meta name="twitter:data1" content="1 minute" />
<script type="application/ld+json" class="yoast-schema-graph">{"@context":"https://schema.org","@graph":[{"@type":"WebPage","@id":"https://couven-museum.de/fr/_old/mediation-artistique/pour-les-groupes-scolaires/","url":"https://couven-museum.de/fr/_old/mediation-artistique/pour-les-groupes-scolaires/","name":"Pour les groupes scolaires - Couven Museum","isPartOf":{"@id":"https://couven-museum.de/#website"},"primaryImageOfPage":{"@id":"https://couven-museum.de/fr/_old/mediation-artistique/pour-les-groupes-scolaires/#primaryimage"},"image":{"@id":"https://couven-museum.de/fr/_old/mediation-artistique/pour-les-groupes-scolaires/#primaryimage"},"thumbnailUrl":"https://couven-museum.de/wp-content/uploads/2012/05/Couven-Museum_21162504originallarge-4-3-800-160-0-2840-20082.jpg","datePublished":"2012-05-08T09:39:19+00:00","dateModified":"2019-09-05T13:44:52+00:00","breadcrumb":{"@id":"https://couven-museum.de/fr/_old/mediation-artistique/pour-les-groupes-scolaires/#breadcrumb"},"inLanguage":"fr-FR","potentialAction":[{"@type":"ReadAction","target":["https://couven-museum.de/fr/_old/mediation-artistique/pour-les-groupes-scolaires/"]}]},{"@type":"ImageObject","inLanguage":"fr-FR","@id":"https://couven-museum.de/fr/_old/mediation-artistique/pour-les-groupes-scolaires/#primaryimage","url":"https://couven-museum.de/wp-content/uploads/2012/05/Couven-Museum_21162504originallarge-4-3-800-160-0-2840-20082.jpg","contentUrl":"https://couven-museum.de/wp-content/uploads/2012/05/Couven-Museum_21162504originallarge-4-3-800-160-0-2840-20082.jpg","width":340,"height":255},{"@type":"BreadcrumbList","@id":"https://couven-museum.de/fr/_old/mediation-artistique/pour-les-groupes-scolaires/#breadcrumb","itemListElement":[{"@type":"ListItem","position":1,"name":"Startseite","item":"https://couven-museum.de/fr/"},{"@type":"ListItem","position":2,"name":"_old","item":"https://couven-museum.de/_old/"},{"@type":"ListItem","position":3,"name":"Service éducative","item":"https://couven-museum.de/fr/_old/mediation-artistique/"},{"@type":"ListItem","position":4,"name":"Pour les groupes scolaires"}]},{"@type":"WebSite","@id":"https://couven-museum.de/#website","url":"https://couven-museum.de/","name":"Couven Museum","description":"Couven-Museum Aachen","potentialAction":[{"@type":"SearchAction","target":{"@type":"EntryPoint","urlTemplate":"https://couven-museum.de/?s={search_term_string}"},"query-input":{"@type":"PropertyValueSpecification","valueRequired":true,"valueName":"search_term_string"}}],"inLanguage":"fr-FR"}]}</script>
<!-- / Yoast SEO plugin. -->

À la recherche de l’Histoire

Service éducative
