{"id":2650,"date":"2013-03-21T18:02:10","date_gmt":"2013-07-24T12:01:42","guid":{"rendered":"http:\/\/couven-museum.de\/event\/100-artistes-100-carreaux-de-faience-en-2010\/"},"modified":"2013-12-23T18:37:44","modified_gmt":"2013-12-23T17:37:44","slug":"100-artistes-100-carreaux-de-faience-en-2010","status":"publish","type":"tribe_events","link":"https:\/\/couven-museum.de\/fr\/event\/100-artistes-100-carreaux-de-faience-en-2010\/","title":{"rendered":"100 artistes \u2013 100 carreaux de fa\u00efence en 2010"},"content":{"rendered":"<p>Le mus\u00e9e Couven pr\u00e9sente de nombreux carreaux pr\u00e9cieux, originaires des pays-Bas, datant des XVIIe et XVIIIe si\u00e8cles et provenant de la fondation Ludwig. \u00c0 l\u2019occasion de la route de l\u2019art \u00e0 Aix-la-Chapelle en 2010, l\u2019exposition est enrichie de 100 carreaux de fa\u00efence, cr\u00e9\u00e9s par 100 artistes.<\/p>\n<p>Ce projet, qui a d\u00e9j\u00e0 \u00e9t\u00e9 r\u00e9alis\u00e9 en 2007 au Ludwig Forum d\u2019Aix-la-Chapelle, puis en 2009 au mus\u00e9e de Zinkh\u00fctter Hof \u00e0 Stolberg et qui s\u2019ach\u00e8ve au mus\u00e9e Couven, a \u00e9t\u00e9 cr\u00e9\u00e9 \u00e0 l\u2019initiative de l\u2019artiste Gabriele Prick. Le point de d\u00e9part de chacune des approches artistiques est le m\u00eame : un carreau blanc de taille standard. Les carreaux sont ensuite travaill\u00e9s avec des mat\u00e9riaux diff\u00e9rents tels que la peinture pour porcelaine, le cuivre, le m\u00e9tal, la peinture \u00e0 l\u2019huile et acrylique, le papier, la feuille d\u2019or, la colle, le bois, le verre, la jute, la laque ou le silicone.<\/p>\n<p>Le r\u00e9sultat est aussi vari\u00e9 que les diff\u00e9rentes approches artistiques. Des artistes r\u00e9gionaux mais aussi interr\u00e9gionaux et internationaux participent \u00e0 cette action d\u00e9bouchant dans un projet social. Le 24 octobre 2010, les 100 carreaux sont mis en vente aux ench\u00e8res. La recette revient \u00e0 l\u2019association BUNTER KREIS dans la r\u00e9gion d\u2019Aix-la-Chapelle.<\/p>\n<p>Inauguration : le 24 septembre 2010 \u00e0 19 heures<\/p>\n<p><a href=\"http:\/\/www.100kuenstler-100kacheln.de\/\">www.100kuenstler-100kacheln.de<\/a><\/p>\n","protected":false},"excerpt":{"rendered":"<p>La r\u00e9union de carreaux contemporains r\u00e9alis\u00e9s par des artistes et de carreaux historiques provenant de la collection Ludwig. Le 24 octobre, 100 carreaux sont mis aux ench\u00e8res. La recette revient \u00e0 l\u2019association BUNTER KREIS de la r\u00e9gion d\u2019Aix-la-Chapelle.<\/p>\n","protected":false},"author":1,"featured_media":746,"template":"","meta":{"_acf_changed":false,"inline_featured_image":false,"_lmt_disableupdate":"","_lmt_disable":"","_tribe_events_status":"","_tribe_events_status_reason":"","_tribe_events_is_hybrid":"","_tribe_events_is_virtual":"","_tribe_events_virtual_video_source":"","_tribe_events_virtual_embed_video":"","_tribe_events_virtual_linked_button_text":"","_tribe_events_virtual_linked_button":"","_tribe_events_virtual_show_embed_at":"","_tribe_events_virtual_show_embed_to":[],"_tribe_events_virtual_show_on_event":"","_tribe_events_virtual_show_on_views":"","_tribe_events_virtual_url":"","footnotes":""},"tags":[],"tribe_events_cat":[17],"class_list":["post-2650","tribe_events","type-tribe_events","status-publish","has-post-thumbnail","hentry","tribe_events_cat-ausstellungen-fr","cat_ausstellungen-fr"],"acf":[],"yoast_head":"<!-- This site is optimized with the Yoast SEO plugin v27.2 - https:\/\/yoast.com\/product\/yoast-seo-wordpress\/ -->\n<title>100 artistes \u2013 100 carreaux de fa\u00efence en 2010 - Couven Museum<\/title>\n<meta name=\"robots\" content=\"index, follow, max-snippet:-1, max-image-preview:large, max-video-preview:-1\" \/>\n<link rel=\"canonical\" href=\"https:\/\/couven-museum.de\/fr\/event\/100-artistes-100-carreaux-de-faience-en-2010\/\" \/>\n<meta property=\"og:locale\" content=\"fr_FR\" \/>\n<meta property=\"og:type\" content=\"article\" \/>\n<meta property=\"og:title\" content=\"100 artistes \u2013 100 carreaux de fa\u00efence en 2010 - Couven Museum\" \/>\n<meta property=\"og:description\" content=\"La r\u00e9union de carreaux contemporains r\u00e9alis\u00e9s par des artistes et de carreaux historiques provenant de la collection Ludwig. Le 24 octobre, 100 carreaux sont mis aux ench\u00e8res. La recette revient \u00e0 l\u2019association BUNTER KREIS de la r\u00e9gion d\u2019Aix-la-Chapelle.\" \/>\n<meta property=\"og:url\" content=\"https:\/\/couven-museum.de\/fr\/event\/100-artistes-100-carreaux-de-faience-en-2010\/\" \/>\n<meta property=\"og:site_name\" content=\"Couven Museum\" \/>\n<meta property=\"article:modified_time\" content=\"2013-12-23T17:37:44+00:00\" \/>\n<meta property=\"og:image\" content=\"https:\/\/couven-museum.de\/wp-content\/uploads\/2013\/03\/100kuenstler100kacheln.jpg\" \/>\n\t<meta property=\"og:image:width\" content=\"425\" \/>\n\t<meta property=\"og:image:height\" content=\"424\" \/>\n\t<meta property=\"og:image:type\" content=\"image\/jpeg\" \/>\n<meta name=\"twitter:card\" content=\"summary_large_image\" \/>\n<meta name=\"twitter:label1\" content=\"Dur\u00e9e de lecture estim\u00e9e\" \/>\n\t<meta name=\"twitter:data1\" content=\"1 minute\" \/>\n<script type=\"application\/ld+json\" class=\"yoast-schema-graph\">{\"@context\":\"https:\/\/schema.org\",\"@graph\":[{\"@type\":\"WebPage\",\"@id\":\"https:\/\/couven-museum.de\/fr\/event\/100-artistes-100-carreaux-de-faience-en-2010\/\",\"url\":\"https:\/\/couven-museum.de\/fr\/event\/100-artistes-100-carreaux-de-faience-en-2010\/\",\"name\":\"100 artistes \u2013 100 carreaux de fa\u00efence en 2010 - Couven Museum\",\"isPartOf\":{\"@id\":\"https:\/\/couven-museum.de\/#website\"},\"primaryImageOfPage\":{\"@id\":\"https:\/\/couven-museum.de\/fr\/event\/100-artistes-100-carreaux-de-faience-en-2010\/#primaryimage\"},\"image\":{\"@id\":\"https:\/\/couven-museum.de\/fr\/event\/100-artistes-100-carreaux-de-faience-en-2010\/#primaryimage\"},\"thumbnailUrl\":\"https:\/\/couven-museum.de\/wp-content\/uploads\/2013\/03\/100kuenstler100kacheln.jpg\",\"datePublished\":\"2013-07-24T12:01:42+00:00\",\"dateModified\":\"2013-12-23T17:37:44+00:00\",\"breadcrumb\":{\"@id\":\"https:\/\/couven-museum.de\/fr\/event\/100-artistes-100-carreaux-de-faience-en-2010\/#breadcrumb\"},\"inLanguage\":\"fr-FR\",\"potentialAction\":[{\"@type\":\"ReadAction\",\"target\":[\"https:\/\/couven-museum.de\/fr\/event\/100-artistes-100-carreaux-de-faience-en-2010\/\"]}]},{\"@type\":\"ImageObject\",\"inLanguage\":\"fr-FR\",\"@id\":\"https:\/\/couven-museum.de\/fr\/event\/100-artistes-100-carreaux-de-faience-en-2010\/#primaryimage\",\"url\":\"https:\/\/couven-museum.de\/wp-content\/uploads\/2013\/03\/100kuenstler100kacheln.jpg\",\"contentUrl\":\"https:\/\/couven-museum.de\/wp-content\/uploads\/2013\/03\/100kuenstler100kacheln.jpg\",\"width\":425,\"height\":424},{\"@type\":\"BreadcrumbList\",\"@id\":\"https:\/\/couven-museum.de\/fr\/event\/100-artistes-100-carreaux-de-faience-en-2010\/#breadcrumb\",\"itemListElement\":[{\"@type\":\"ListItem\",\"position\":1,\"name\":\"Startseite\",\"item\":\"https:\/\/couven-museum.de\/fr\/\"},{\"@type\":\"ListItem\",\"position\":2,\"name\":\"Veranstaltungen\",\"item\":\"https:\/\/couven-museum.de\/events\/\"},{\"@type\":\"ListItem\",\"position\":3,\"name\":\"100 artistes \u2013 100 carreaux de fa\u00efence en 2010\"}]},{\"@type\":\"WebSite\",\"@id\":\"https:\/\/couven-museum.de\/#website\",\"url\":\"https:\/\/couven-museum.de\/\",\"name\":\"Couven Museum\",\"description\":\"Couven-Museum Aachen\",\"potentialAction\":[{\"@type\":\"SearchAction\",\"target\":{\"@type\":\"EntryPoint\",\"urlTemplate\":\"https:\/\/couven-museum.de\/?s={search_term_string}\"},\"query-input\":{\"@type\":\"PropertyValueSpecification\",\"valueRequired\":true,\"valueName\":\"search_term_string\"}}],\"inLanguage\":\"fr-FR\"}]}<\/script>\n<!-- \/ Yoast SEO plugin. -->","yoast_head_json":{"title":"100 artistes \u2013 100 carreaux de fa\u00efence en 2010 - Couven Museum","robots":{"index":"index","follow":"follow","max-snippet":"max-snippet:-1","max-image-preview":"max-image-preview:large","max-video-preview":"max-video-preview:-1"},"canonical":"https:\/\/couven-museum.de\/fr\/event\/100-artistes-100-carreaux-de-faience-en-2010\/","og_locale":"fr_FR","og_type":"article","og_title":"100 artistes \u2013 100 carreaux de fa\u00efence en 2010 - Couven Museum","og_description":"La r\u00e9union de carreaux contemporains r\u00e9alis\u00e9s par des artistes et de carreaux historiques provenant de la collection Ludwig. Le 24 octobre, 100 carreaux sont mis aux ench\u00e8res. La recette revient \u00e0 l\u2019association BUNTER KREIS de la r\u00e9gion d\u2019Aix-la-Chapelle.","og_url":"https:\/\/couven-museum.de\/fr\/event\/100-artistes-100-carreaux-de-faience-en-2010\/","og_site_name":"Couven Museum","article_modified_time":"2013-12-23T17:37:44+00:00","og_image":[{"width":425,"height":424,"url":"https:\/\/couven-museum.de\/wp-content\/uploads\/2013\/03\/100kuenstler100kacheln.jpg","type":"image\/jpeg"}],"twitter_card":"summary_large_image","twitter_misc":{"Dur\u00e9e de lecture estim\u00e9e":"1 minute"},"schema":{"@context":"https:\/\/schema.org","@graph":[{"@type":"WebPage","@id":"https:\/\/couven-museum.de\/fr\/event\/100-artistes-100-carreaux-de-faience-en-2010\/","url":"https:\/\/couven-museum.de\/fr\/event\/100-artistes-100-carreaux-de-faience-en-2010\/","name":"100 artistes \u2013 100 carreaux de fa\u00efence en 2010 - Couven Museum","isPartOf":{"@id":"https:\/\/couven-museum.de\/#website"},"primaryImageOfPage":{"@id":"https:\/\/couven-museum.de\/fr\/event\/100-artistes-100-carreaux-de-faience-en-2010\/#primaryimage"},"image":{"@id":"https:\/\/couven-museum.de\/fr\/event\/100-artistes-100-carreaux-de-faience-en-2010\/#primaryimage"},"thumbnailUrl":"https:\/\/couven-museum.de\/wp-content\/uploads\/2013\/03\/100kuenstler100kacheln.jpg","datePublished":"2013-07-24T12:01:42+00:00","dateModified":"2013-12-23T17:37:44+00:00","breadcrumb":{"@id":"https:\/\/couven-museum.de\/fr\/event\/100-artistes-100-carreaux-de-faience-en-2010\/#breadcrumb"},"inLanguage":"fr-FR","potentialAction":[{"@type":"ReadAction","target":["https:\/\/couven-museum.de\/fr\/event\/100-artistes-100-carreaux-de-faience-en-2010\/"]}]},{"@type":"ImageObject","inLanguage":"fr-FR","@id":"https:\/\/couven-museum.de\/fr\/event\/100-artistes-100-carreaux-de-faience-en-2010\/#primaryimage","url":"https:\/\/couven-museum.de\/wp-content\/uploads\/2013\/03\/100kuenstler100kacheln.jpg","contentUrl":"https:\/\/couven-museum.de\/wp-content\/uploads\/2013\/03\/100kuenstler100kacheln.jpg","width":425,"height":424},{"@type":"BreadcrumbList","@id":"https:\/\/couven-museum.de\/fr\/event\/100-artistes-100-carreaux-de-faience-en-2010\/#breadcrumb","itemListElement":[{"@type":"ListItem","position":1,"name":"Startseite","item":"https:\/\/couven-museum.de\/fr\/"},{"@type":"ListItem","position":2,"name":"Veranstaltungen","item":"https:\/\/couven-museum.de\/events\/"},{"@type":"ListItem","position":3,"name":"100 artistes \u2013 100 carreaux de fa\u00efence en 2010"}]},{"@type":"WebSite","@id":"https:\/\/couven-museum.de\/#website","url":"https:\/\/couven-museum.de\/","name":"Couven Museum","description":"Couven-Museum Aachen","potentialAction":[{"@type":"SearchAction","target":{"@type":"EntryPoint","urlTemplate":"https:\/\/couven-museum.de\/?s={search_term_string}"},"query-input":{"@type":"PropertyValueSpecification","valueRequired":true,"valueName":"search_term_string"}}],"inLanguage":"fr-FR"}]}},"_links":{"self":[{"href":"https:\/\/couven-museum.de\/fr\/wp-json\/wp\/v2\/tribe_events\/2650","targetHints":{"allow":["GET"]}}],"collection":[{"href":"https:\/\/couven-museum.de\/fr\/wp-json\/wp\/v2\/tribe_events"}],"about":[{"href":"https:\/\/couven-museum.de\/fr\/wp-json\/wp\/v2\/types\/tribe_events"}],"author":[{"embeddable":true,"href":"https:\/\/couven-museum.de\/fr\/wp-json\/wp\/v2\/users\/1"}],"version-history":[{"count":0,"href":"https:\/\/couven-museum.de\/fr\/wp-json\/wp\/v2\/tribe_events\/2650\/revisions"}],"wp:featuredmedia":[{"embeddable":true,"href":"https:\/\/couven-museum.de\/fr\/wp-json\/wp\/v2\/media\/746"}],"wp:attachment":[{"href":"https:\/\/couven-museum.de\/fr\/wp-json\/wp\/v2\/media?parent=2650"}],"wp:term":[{"taxonomy":"post_tag","embeddable":true,"href":"https:\/\/couven-museum.de\/fr\/wp-json\/wp\/v2\/tags?post=2650"},{"taxonomy":"tribe_events_cat","embeddable":true,"href":"https:\/\/couven-museum.de\/fr\/wp-json\/wp\/v2\/tribe_events_cat?post=2650"}],"curies":[{"name":"wp","href":"https:\/\/api.w.org\/{rel}","templated":true}]}}

100 artistes – 100 carreaux de faïence en 2010

<p>Le musée Couven présente de nombreux carreaux précieux, originaires des pays-Bas, datant des XVIIe et XVIIIe siècles et provenant de la fondation Ludwig. À l’occasion de la route de l’art à Aix-la-Chapelle en 2010, l’exposition est enrichie de 100 carreaux de faïence, créés par 100 artistes.</p>
<p>Ce projet, qui a déjà été réalisé en 2007 au Ludwig Forum d’Aix-la-Chapelle, puis en 2009 au musée de Zinkhütter Hof à Stolberg et qui s’achève au musée Couven, a été créé à l’initiative de l’artiste Gabriele Prick. Le point de départ de chacune des approches artistiques est le même : un carreau blanc de taille standard. Les carreaux sont ensuite travaillés avec des matériaux différents tels que la peinture pour porcelaine, le cuivre, le métal, la peinture à l’huile et acrylique, le papier, la feuille d’or, la colle, le bois, le verre, la jute, la laque ou le silicone.</p>
<p>Le résultat est aussi varié que les différentes approches artistiques. Des artistes régionaux mais aussi interrégionaux et internationaux participent à cette action débouchant dans un projet social. Le 24 octobre 2010, les 100 carreaux sont mis en vente aux enchères. La recette revient à l’association BUNTER KREIS dans la région d’Aix-la-Chapelle.</p>
<p>Inauguration : le 24 septembre 2010 à 19 heures</p>
<p><a href="http://www.100kuenstler-100kacheln.de/">www.100kuenstler-100kacheln.de</a></p>

<p>La réunion de carreaux contemporains réalisés par des artistes et de carreaux historiques provenant de la collection Ludwig. Le 24 octobre, 100 carreaux sont mis aux enchères. La recette revient à l’association BUNTER KREIS de la région d’Aix-la-Chapelle.</p>

<!-- This site is optimized with the Yoast SEO plugin v27.2 - https://yoast.com/product/yoast-seo-wordpress/ -->
<title>100 artistes – 100 carreaux de faïence en 2010 - Couven Museum</title>
<meta name="robots" content="index, follow, max-snippet:-1, max-image-preview:large, max-video-preview:-1" />
<link rel="canonical" href="https://couven-museum.de/fr/event/100-artistes-100-carreaux-de-faience-en-2010/" />
<meta property="og:locale" content="fr_FR" />
<meta property="og:type" content="article" />
<meta property="og:title" content="100 artistes – 100 carreaux de faïence en 2010 - Couven Museum" />
<meta property="og:description" content="La réunion de carreaux contemporains réalisés par des artistes et de carreaux historiques provenant de la collection Ludwig. Le 24 octobre, 100 carreaux sont mis aux enchères. La recette revient à l’association BUNTER KREIS de la région d’Aix-la-Chapelle." />
<meta property="og:url" content="https://couven-museum.de/fr/event/100-artistes-100-carreaux-de-faience-en-2010/" />
<meta property="og:site_name" content="Couven Museum" />
<meta property="article:modified_time" content="2013-12-23T17:37:44+00:00" />
<meta property="og:image" content="https://couven-museum.de/wp-content/uploads/2013/03/100kuenstler100kacheln.jpg" />
	<meta property="og:image:width" content="425" />
	<meta property="og:image:height" content="424" />
	<meta property="og:image:type" content="image/jpeg" />
<meta name="twitter:card" content="summary_large_image" />
<meta name="twitter:label1" content="Durée de lecture estimée" />
	<meta name="twitter:data1" content="1 minute" />
<script type="application/ld+json" class="yoast-schema-graph">{"@context":"https://schema.org","@graph":[{"@type":"WebPage","@id":"https://couven-museum.de/fr/event/100-artistes-100-carreaux-de-faience-en-2010/","url":"https://couven-museum.de/fr/event/100-artistes-100-carreaux-de-faience-en-2010/","name":"100 artistes – 100 carreaux de faïence en 2010 - Couven Museum","isPartOf":{"@id":"https://couven-museum.de/#website"},"primaryImageOfPage":{"@id":"https://couven-museum.de/fr/event/100-artistes-100-carreaux-de-faience-en-2010/#primaryimage"},"image":{"@id":"https://couven-museum.de/fr/event/100-artistes-100-carreaux-de-faience-en-2010/#primaryimage"},"thumbnailUrl":"https://couven-museum.de/wp-content/uploads/2013/03/100kuenstler100kacheln.jpg","datePublished":"2013-07-24T12:01:42+00:00","dateModified":"2013-12-23T17:37:44+00:00","breadcrumb":{"@id":"https://couven-museum.de/fr/event/100-artistes-100-carreaux-de-faience-en-2010/#breadcrumb"},"inLanguage":"fr-FR","potentialAction":[{"@type":"ReadAction","target":["https://couven-museum.de/fr/event/100-artistes-100-carreaux-de-faience-en-2010/"]}]},{"@type":"ImageObject","inLanguage":"fr-FR","@id":"https://couven-museum.de/fr/event/100-artistes-100-carreaux-de-faience-en-2010/#primaryimage","url":"https://couven-museum.de/wp-content/uploads/2013/03/100kuenstler100kacheln.jpg","contentUrl":"https://couven-museum.de/wp-content/uploads/2013/03/100kuenstler100kacheln.jpg","width":425,"height":424},{"@type":"BreadcrumbList","@id":"https://couven-museum.de/fr/event/100-artistes-100-carreaux-de-faience-en-2010/#breadcrumb","itemListElement":[{"@type":"ListItem","position":1,"name":"Startseite","item":"https://couven-museum.de/fr/"},{"@type":"ListItem","position":2,"name":"Veranstaltungen","item":"https://couven-museum.de/events/"},{"@type":"ListItem","position":3,"name":"100 artistes – 100 carreaux de faïence en 2010"}]},{"@type":"WebSite","@id":"https://couven-museum.de/#website","url":"https://couven-museum.de/","name":"Couven Museum","description":"Couven-Museum Aachen","potentialAction":[{"@type":"SearchAction","target":{"@type":"EntryPoint","urlTemplate":"https://couven-museum.de/?s={search_term_string}"},"query-input":{"@type":"PropertyValueSpecification","valueRequired":true,"valueName":"search_term_string"}}],"inLanguage":"fr-FR"}]}</script>
<!-- / Yoast SEO plugin. -->

100 artistes – 100 carreaux de faïence en 2010 - Couven Museum

La réunion de carreaux contemporains réalisés par des artistes et de carreaux historiques provenant de la collection Ludwig. Le 24 octobre, 100 carreaux sont mis aux enchères. La recette revient à l’association BUNTER KREIS de la région d’Aix-la-Chapelle.
